{"id":95,"date":"2015-10-01T19:04:40","date_gmt":"2015-10-01T19:04:40","guid":{"rendered":"http:\/\/clapat.ro\/themes\/nerduck-wordpress\/?page_id=95"},"modified":"2025-02-24T12:44:53","modified_gmt":"2025-02-24T12:44:53","slug":"sobre-nos","status":"publish","type":"page","link":"https:\/\/aquelagencia.pt\/en\/sobre-nos\/","title":{"rendered":"Who?"},"content":{"rendered":"<div class=\"vc_row wpb_row vc_row-fluid\"><div class=\"wpb_column vc_column_container vc_col-sm-6\"><div class=\"vc_column-inner vc_custom_1444719399465\"><div class=\"wpb_wrapper\"><h4>I'm Quel.<\/h4>\n\t<div class=\"wpb_text_column wpb_content_element\" >\n\t\t<div class=\"wpb_wrapper\">\n\t\t\t<p>Originally from Coimbra, Portugal, 32 years old, and I believe life is a creative adventure. I have always been passionate about telling stories in a visual way.<\/p>\n<p>With 6 years of experience in a Marketing Agency and over 10 years in photography and video, I\u2019ve learned a lot and seen it all. But do you know what I\u2019ve learned the most? That being a designer is like being a superhero \u2013 you need to master many powers!<\/p>\n\n\t\t<\/div>\n\t<\/div>\n<div class=\"vc_empty_space\"   style=\"height: 32px\"><span class=\"vc_empty_space_inner\"><\/span><\/div><h4>But no hero works alone\u2026<\/h4>\n\t<div class=\"wpb_text_column wpb_content_element\" >\n\t\t<div class=\"wpb_wrapper\">\n\t\t\t<p>Together we are <strong>Designers, Photographers, Videographers, Marketers, Copywriters and Traffic Managers<\/strong>. Everything to ensure that a complete service can be delivered.<\/p>\n\n\t\t<\/div>\n\t<\/div>\n<div class=\"vc_empty_space\"   style=\"height: 32px\"><span class=\"vc_empty_space_inner\"><\/span><\/div><h4>Shall we get to know each other better?<\/h4><a class=\"clapat-button\" href=\"https:\/\/cal.com\/aquelagencia\" target=\"_blank\">Schedule a call<\/a><\/div><\/div><\/div><div class=\"wpb_column vc_column_container vc_col-sm-6\"><div class=\"vc_column-inner\"><div class=\"wpb_wrapper\">\n\t<div  class=\"wpb_single_image wpb_content_element vc_align_right\">\n\t\t\n\t\t<figure class=\"wpb_wrapper vc_figure\">\n\t\t\t<div class=\"vc_single_image-wrapper   vc_box_border_grey\"><img loading=\"lazy\" decoding=\"async\" width=\"1000\" height=\"838\" src=\"https:\/\/aquelagencia.pt\/wp-content\/uploads\/2024\/01\/quel-foto.png\" class=\"vc_single_image-img attachment-full\" alt=\"Ana Quel\" srcset=\"https:\/\/aquelagencia.pt\/wp-content\/uploads\/2024\/01\/quel-foto.png 1000w, https:\/\/aquelagencia.pt\/wp-content\/uploads\/2024\/01\/quel-foto-300x251.png 300w, https:\/\/aquelagencia.pt\/wp-content\/uploads\/2024\/01\/quel-foto-768x644.png 768w\" sizes=\"auto, (max-width: 1000px) 100vw, 1000px\" \/><\/div>\n\t\t<\/figure>\n\t<\/div>\n<\/div><\/div><\/div><\/div>","protected":false},"excerpt":{"rendered":"Sou a Quel. Natural de Coimbra, Portugal, 32 anos e acredito que a vida \u00e9 uma aventura criativa. Desde sempre, fui apaixonada por contar hist\u00f3rias de uma forma visual. Com 6 anos de experi\u00eancia numa Ag\u00eancia de Marketing e mais de 10 em fotografia e v\u00eddeo, aprendi muito e vi de tudo. Mas sabem o [...]","protected":false},"author":1,"featured_media":0,"parent":0,"menu_order":0,"comment_status":"closed","ping_status":"closed","template":"","meta":{"_monsterinsights_skip_tracking":false,"_monsterinsights_sitenote_active":false,"_monsterinsights_sitenote_note":"","_monsterinsights_sitenote_category":0,"_uf_show_specific_survey":0,"_uf_disable_surveys":false,"footnotes":""},"class_list":["post-95","page","type-page","status-publish","hentry"],"aioseo_notices":[],"_links":{"self":[{"href":"https:\/\/aquelagencia.pt\/en\/wp-json\/wp\/v2\/pages\/95","targetHints":{"allow":["GET"]}}],"collection":[{"href":"https:\/\/aquelagencia.pt\/en\/wp-json\/wp\/v2\/pages"}],"about":[{"href":"https:\/\/aquelagencia.pt\/en\/wp-json\/wp\/v2\/types\/page"}],"author":[{"embeddable":true,"href":"https:\/\/aquelagencia.pt\/en\/wp-json\/wp\/v2\/users\/1"}],"replies":[{"embeddable":true,"href":"https:\/\/aquelagencia.pt\/en\/wp-json\/wp\/v2\/comments?post=95"}],"version-history":[{"count":12,"href":"https:\/\/aquelagencia.pt\/en\/wp-json\/wp\/v2\/pages\/95\/revisions"}],"predecessor-version":[{"id":759,"href":"https:\/\/aquelagencia.pt\/en\/wp-json\/wp\/v2\/pages\/95\/revisions\/759"}],"wp:attachment":[{"href":"https:\/\/aquelagencia.pt\/en\/wp-json\/wp\/v2\/media?parent=95"}],"curies":[{"name":"wp","href":"https:\/\/api.w.org\/{rel}","templated":true}]}}

Sou a Quel. Natural de Coimbra, Portugal, 32 anos e acredito que a vida é uma aventura criativa. Desde sempre, fui apaixonada por contar histórias de uma forma visual. Com 6 anos de experiência numa Agência de Marketing e mais de 10 em fotografia e vídeo, aprendi muito e vi de tudo. Mas sabem o [...]
